 4*k**3 - k. Suppose 4*m + 35 + 17 = 4*q, -5*m - 25 = 5*q. What is i(m)?
6
Let s(p) be the third derivative of -1/8*p**4 + 0 + 1/60*p**5 + 50*p**2 - 1/3*p**3 + 0*p. Determine s(4).
2
Let j(k) = -k**2 + 2*k + 1. Let w(i) = -1. Let z(q) = 0*q + 37*q**3 - q - 36*q**3 + 4. Let c(u) = 5*w(u) + z(u). Let f be c(-1). Determine j(f).
-2
Let g(q) = q**2 - 15*q + 6. Let y be g(15). Let v(n) = -2 + 7*n**2 + 2*n**2 - 2*n**2 - y*n - n**3. Calculate v(6).
-2
Let j(y) be the first derivative of -2*y**3/3 + 5*y**2/2 + 3*y - 47. Give j(4).
-9
Let f(w) = -2*w**3 - 11*w**2 - w + 13. Let n = 23 + -28. What is f(n)?
-7
Suppose 5 = 3*v - 1. Let k(x) = -6*x - 61. Let z(f) = -3*f - 24. Let w(q) = -2*k(q) + 5*z(q). Determine w(v).
-4
Let k(a) = -10*a + 2. Suppose y = -4*d - 10, -5*d + y = 9 - 1. Give k(d).
22
Let g(t) = -t**3 + 8*t**2 - 6*t - 8. Let i(p) = -p**3 + 22*p**2 - 21*p + 7. Let x be i(21). What is g(x)?
-1
Let s(m) be the second derivative of -m**4/12 - m**3/3 - m**2/2 + 6*m. Calculate s(-2).
-1
Suppose 0 = 16*f - 12*f - 8. Let x(y) = 7 + f*y + 2 - 7*y + y**2 - 4*y. Suppose -6*w = -3*w - 18. Determine x(w).
-9
Let h be (-9)/(-6)*(-40)/(-12). Let y(g) = -4*g + 3*g + 1 + h. What is y(5)?
1
Let a(u) = -u**3 - u + 3. Suppose 4*n - 5 = 4*w - n, 20 = 2*w + 2*n. Suppose w*x = -0*x. Suppose -3*s + 0*s = x. Give a(s).
3
Let i = -6 - -15. Let v(k) = -k**3 + 8*k**2 + 10*k - 4. Let y be v(i). Let f(a) = 6*a**2 - 3 + 9 - y - a + a**3. Calculate f(-6).
7
Let i(f) = -3 + 9 - 5 + 2*f**2 - 5 + 0 - 5*f. What is i(5)?
21
Let u(t) = -2*t + 5*t - 6 + 3*t. Let f = -1745 - -1749. Give u(f).
18
Let x(o) = 21*o - 3. Let g(r) = 10*r - 1. Let p(a) = 9*g(a) - 4*x(a). Calculate p(-2).
-9
Let h(n) = n**2 + 8*n - 3. Let y(x) = x**2 + 4*x + 12. Let i be y(-6). Let f be 2*3/i - 100/16. Calculate h(f).
-15
Let g(i) = -i + 2. Let q be 3/((-9)/12) - -2. Let n be -2*1/4*q. Let s = n + 1. What is g(s)?
0
Let u(k) = k**3 + 4*k**2 + 4*k - 3. Let l be u(-3). Let i(r) = -r + 7. Give i(l).
13
Let p(h) = -h**3 - 2*h**2 + h + 2. Let q(c) = 4*c**2 - 2*c - 3. Let g be q(0). What is p(g)?
8
Suppose 31*x - 13 - 49 = 0. Let o(h) = 4*h**2 - h + 2. Determine o(x).
16
Let s(l) = -2*l - 8. Suppose -2*d + 7 = -4*f - 5, 9 = -3*f - 2*d. Let j(x) = -x. Let c(o) = f*j(o) + s(o). Determine c(4).
-4
Suppose -8 - 10 = -6*a. Let g be a/1*5/(15/(-9)). Let w(i) = i + 7. Give w(g).
-2
Suppose 5*t + 5*l = 3*t + 21, 2*l = -3*t + 26. Suppose -9*c + t*c = 6. Let v(u) = -2*u - 5. Calculate v(c).
7
Let f(l) = -l**2 + 4*l - 4. Let p be f(3). Let o(r) = 4 + 0*r - 10*r - 5 + 0. What is o(p)?
9
Let s(d) be the first derivative of -d**5/20 + 2*d**4/3 - d**3/6 - d**2/2 + 12*d + 16. Let r(z) be the first derivative of s(z). Calculate r(8).
-9
Let n(j) = j**2 - 12*j + 14. Let h be n(11). Let k = h - -1. Suppose -k*x + 5*f = -3 - 3, 2*x + f - 10 = 0. Let w(g) = g**3 - 5*g**2 + 5*g - 1. What is w(x)?
3
Let d(k) = -k - 7. Let r be d(-3). Let t = -2 - r. Let g(f) = -6*f**t + 39 - 19 - 19 - 6*f**2. Give g(-1).
-11
Let o(c) be the second derivative of -c**8/6720 + c**7/420 - c**6/240 + c**5/120 + 3*c**4/2 - 17*c. Let n(l) be the third derivative of o(l). Determine n(5).
11
Let y = 17 + -12. Let w(i) = -4*i**3 - 2*i + 3. Let r(b) = b**3 - b**2. Let d(u) = 5*r(u) + w(u). What is d(y)?
-7
Let j be -9*(3 - 224/72). Let v(r) = -4*r**3 - 2*r**2 + 2*r - 1. Calculate v(j).
-5
Let m be (-2)/3 + 112/24. Suppose 12 = -4*w, 0 = -m*h - w + 2 - 5. Let u(q) = q**3 + q + 11. Determine u(h).
11
Suppose 5*t + 4*r = -71, -6*t + 3*t - 50 = -5*r. Let a(b) = b**3 + 14*b**2 - 13*b + 27. Calculate a(t).
-3
Let i(r) = -5*r**3 - 11*r**2. Let j(h) = 4*h**3 + 11*h**2 - 1. Let o(a) = -5*i(a) - 6*j(a). Determine o(11).
6
Let g(k) = -k - 13. Let n = 21 - 5. Let y = n - 25. Give g(y).
-4
Let h(i) = i**2 - 8*i - 2. Let y(k) = -13*k + 21. Let c(f) = 12*f - 20. Let v(d) = -3*c(d) - 4*y(d). Let j be v(2). Calculate h(j).
-2
Let s(w) = -w + 7. Suppose -6*d + 19 = -23. Let u be s(d). Let h(k) = k**3 - k**2. Calculate h(u).
0
Let s(f) be the third derivative of -f**4/24 - f**3/2 - 6*f**2. Suppose -3 = -3*t + 3. Suppose 3 = t*u + 11. Give s(u).
1
Let h(t) = t**3 + t**2 - t + 1. Let j(q) = -2*q**3 + 15*q**2 - q + 36. Let w(k) = -h(k) - j(k). Determine w(16).
-5
Let k = -243 - -242. Let l(g) be the third derivative of -13*g**7/5040 + g**6/720 - g**5/15 - 2*g**2. Let h(d) be the third derivative of l(d). Calculate h(k).
14
Let h(p) = -p**2 - 5*p - 7. Let b be h(-5). Let m(q) = -q**3 - 19*q**2 - 3*q + 20. Let i(l) = 2*l**2 - 5. Let c(f) = -6*i(f) - m(f). What is c(b)?
-11
Let v(x) = -5*x - 1. Let n(o) be the second derivative of o**5/20 + 2*o**4/3 + o**3 - 5*o**2 - 13*o. Let a be n(-7). Calculate v(a).
14
Let h(p) = -6*p - 69. Let m be h(-11). Let l(d) = -d**3 - 3*d**2 + 4. What is l(m)?
4
Let b(r) = -20*r - 23*r + 8 + 45*r. Give b(7).
22
Suppose 1310*b - 1333*b - 207 = 0. Let w(s) be the third derivative of -s**5/60 - 5*s**4/12 - 13*s**3/6 - s**2. What is w(b)?
-4
Let m(d) = 7*d**2 - 27*d + 4. Let k(r) = -r**2 + 2*r + 1. Let h(s) = -6*k(s) - m(s). What is h(14)?
4
Suppose -46 = -29*i + 70. Let l(z) = 7*z**2 - 17*z + 17. Let c(r) = -10*r**2 + 25*r - 25. Let j(p) = -5*c(p) - 7*l(p). Calculate j(i).
-2
Let t(l) = -l - 2. Suppose 0 = 9*g - 23 - 31. Determine t(g).
-8
Let u(x) be the first derivative of 3*x**2 + 1/3*x**3 - 19 + 6*x. Suppose 3*z - 4*w - 32 = 7*z, 4*z + 22 = w. Determine u(z).
6
Let o = 6 + -4. Let h(d) = 0*d + d**2 - 2*d**o + 0*d. Let k = 39 - 40. What is h(k)?
-1
Let p(w) be the third derivative of w**4/24 - 13*w**3/6 - 438*w**2. What is p(6)?
-7
Let h(f) be the first derivative of f**3/3 + 13*f**2/2 + 4*f - 24. Suppose -3*p = 0, -2*p + 6*p - 60 = 5*o. Determine h(o).
-8
Suppose -23*q = -22*q. Suppose q = 18*r - 21*r - 6. Let b(c) = -6*c**2 - 16*c + 16. Let z(f) = f**2 + 3*f - 3. Let l(p) = -3*b(p) - 16*z(p). What is l(r)?
8
Suppose -30 = -4*k + 7*k. Let g = -10 - -16. Let w be g/4 - 15/k. Let h(r) = -r**3 + 2*r**2 + 2*r + 2. Give h(w).
-1
Let k(l) = -l**3 - 4*l**2 + 2*l + 3. Let g = -229 - -224. Calculate k(g).
18
Let a(g) be the first derivative of g**2/2 + 3*g - 2. Let h be -1*0/(-1)*(-8 - -7). What is a(h)?
3
Let q(k) = -k**2 + 4*k - 6. Let n(z) = -2*z**2 + 9*z - 13. Let r(f) = -6*n(f) + 13*q(f). Let y be 6 + (-24 + (-40)/(-5) - -8). Calculate r(y).
0
Let w be 2800/(-455) + 2/13. Let j(u) = u**2 + 9*u + 14. Determine j(w).
-4
Let a(w) = -39*w - 5. Let u(l) = -17*l - 2. Let s(p) = -3*a(p) + 7*u(p). Let t = -14 - -20. Give s(t).
-11
Let r be ((-30)/(-45))/(6/(-63)). Let y(p) = 4*p + 32. Determine y(r).
4
Let i = -24/23 + 95/69. Let w(u) be the first derivative of u**2 - 6 - i*u**3 - 3*u. Calculate w(2).
-3
Let l(q) be the second derivative of q**5/20 + q**3/6 + 5*q**2/2 - 3*q. Let k(g) = -g**2 - 5*g + 7. Let b be k(-6). Let i be (0/2)/4*b. What is l(i)?
5
Let u = 35 + -33. Let p(l) = l - 6*l - 4*l**2 - 3 + u*l**2 + 1. What is p(-3)?
-5
Let i be 66 + -62 - (-8)/1. Let f(d) = d**3 + d**2 - d - 1. Let u(w) = 5*w**3 + 17*w**2 + 6*w - 2. Let v(s) = -6*f(s) + u(s). Determine v(i).
4
Let y(j) = j**2 - 4*j - 6. Suppose 4*h - w - 31 = 0, 3*h - 53*w + 58*w = 6. What is y(h)?
15
Let l = -4 - 3. Let t(z) = -3*z**2 - 20*z. Let r be t(-6). Let p(a) = -5 + r*a - 14*a + 9*a + a**2. Calculate p(l).
-5
Let h(q) = -2*q - 22. Let t(f) = -3*f**2 + 99*f + 92. Let l be t(34). Determine h(l).
-2
Let s(g) = -g**2 - 6. Let o be 3*4/6 - -2. Suppose o*h = 2*h. Determine s(h).
-6
Suppose -12*g - 14 = -14*g. Let a(b) = -15*b + 9 - 7 + b**2 + 8*b. Give a(g).
2
Let f(h) be the third derivative of -h**4/24 - 5*h**3/3 + 853*h**2. Give f(-11).
1
Let z(s) = -24*s**2 + 15*s**2 + 18*s**2. Let n(b) = -3*b**2 + 35*b + 11. Let g be n(12). What is z(g)?
9
Let u(n) = -11*n + 4. Let w(f) = 24*f - 10. Let t(l) = 9*u(l) + 4*w(l). What is t(0)?
-4
Let k(b) = -1. Let r(w) = -w + 15. Let t(a) = -5*k(a) - r(a). Let i be t(5). Let o(v) = -v**2 - 6*v - 6. Calculate o(i).
-1
Let a(i) be the first derivative of i**3/3 - 2*i**2 - 3*i + 1. Suppose h - 2 = -l + 10, 0 = -5*h + 5*l - 10. Calculate a(h).
2
Suppose 75 = 6*l - 3. Suppose -10*q + 3 = -l*q. Let k(j) = 11*j. Give k(q).
-11
Let h(q) be the second derivative of q**4/12 - 5*q**2 + 3*q - 17. Let m be (-2)/(-4) + 5/(-10). What is h(m)?
-10
Let w(c) be the first deriva